is the highest common factor of 121944 and 8?
8
Calculate the greatest common divisor of 1795 and 2029427.
359
Calculate the greatest common divisor of 18195 and 4425.
15
Calculate the highest common factor of 1536 and 2526.
6
Calculate the greatest common factor of 972 and 2544.
12
Calculate the greatest common divisor of 57 and 134311.
19
Calculate the highest common factor of 448 and 14056.
56
What is the greatest common divisor of 160 and 47328?
32
What is the greatest common factor of 10787 and 2093?
161
What is the greatest common divisor of 21167 and 61?
61
Calculate the highest common factor of 513684 and 12.
12
Calculate the greatest common divisor of 57065 and 126250.
505
What is the greatest common factor of 140948 and 1336?
668
Calculate the greatest common factor of 99924 and 330.
66
What is the highest common divisor of 2364 and 13593?
591
What is the highest common factor of 224 and 6538?
14
What is the greatest common factor of 738 and 316971?
369
Calculate the highest common divisor of 1106 and 270338.
158
What is the greatest common factor of 998748 and 36?
36
What is the greatest common factor of 504 and 51408?
504
Calculate the greatest common divisor of 23898 and 84.
42
What is the greatest common divisor of 12 and 1059?
3
Calculate the highest common divisor of 14 and 50449.
7
Calculate the highest common factor of 374068 and 340.
68
What is the greatest common factor of 44907 and 3?
3
Calculate the greatest common factor of 5200 and 6450.
50
Calculate the highest common factor of 4970882 and 42.
14
What is the greatest common divisor of 171 and 6913872?
171
Calculate the greatest common divisor of 2070 and 13340.
230
Calculate the greatest common factor of 8625 and 32430.
345
What is the highest common divisor of 46018 and 692?
346
What is the highest common factor of 9048 and 8?
8
Calculate the highest common factor of 7387 and 78854.
89
What is the greatest common divisor of 78429 and 9?
3
Calculate the highest common divisor of 3082 and 2497961.
1541
Calculate the greatest common divisor of 688 and 11309.
43
What is the greatest common factor of 4559 and 2021?
47
What is the highest common divisor of 615 and 93255?
15
What is the greatest common divisor of 75106 and 84694?
1598
What is the highest common divisor of 10464 and 2208?
96
What is the highest common factor of 20 and 194040?
20
What is the greatest common divisor of 968 and 35816?
968
What is the highest common divisor of 199 and 52337?
199
Calculate the greatest common factor of 67416 and 120.
24
Calculate the highest common divisor of 175942 and 536.
134
What is the highest common divisor of 35602 and 28?
14
Calculate the greatest common factor of 45 and 3085.
5
Calculate the greatest common factor of 5069 and 21372.
137
What is the greatest common divisor of 4 and 44824?
4
Calculate the greatest common factor of 9512 and 80196.
164
Calculate the greatest common divisor of 5404 and 28.
28
What is the greatest common factor of 16058 and 155?
31
Calculate the greatest common divisor of 8172 and 29056.
908
What is the greatest common factor of 446425 and 175?
175
Calculate the highest common factor of 2590109 and 1297.
1297
Calculate the greatest common divisor of 718476 and 132.
132
Calculate the highest common divisor of 371 and 1961.
53
What is the highest common divisor of 12 and 38664?
12
What is the greatest common divisor of 12103 and 83447?
637
What is the highest common divisor of 940 and 890?
10
Calculate the highest common factor of 50 and 1336150.
50
Calculate the greatest common factor of 13622 and 140.
14
What is the highest common factor of 11803 and 16909?
37
Calculate the greatest common factor of 34417 and 202979.
271
What is the greatest common factor of 4 and 48902?
2
Calculate the greatest common factor of 281288 and 112.
56
What is the greatest common divisor of 570544 and 728?
104
What is the greatest common factor of 1533 and 6216?
21
What is the greatest common divisor of 92426 and 148?
74
Calculate the greatest common factor of 8929 and 1.
1
What is the highest common divisor of 1353 and 135751?
451
What is the highest common factor of 3337154 and 123?
41
Calculate the greatest common factor of 1460 and 48764.
292
Calculate the highest common factor of 126 and 8862.
42
Calculate the highest common divisor of 12284 and 194220.
332
Calculate the highest common divisor of 456 and 12228.
12
What is the greatest common divisor of 13266 and 1507?
11
What is the highest common divisor of 15369 and 14061?
327
Calculate the greatest common factor of 288 and 460744.
8
Calculate the highest common divisor of 78334 and 106.
106
What is the highest common factor of 930 and 4770?
30
Calculate the greatest common divisor of 6162 and 1482.
78
Calculate the highest common factor of 28707 and 42.
21
What is the greatest common factor of 6032 and 41392?
208
Calculate the highest common divisor of 166772 and 8304.
692
What is the greatest common factor of 11852280 and 440?
440
What is the highest common divisor of 3910 and 21080?
170
Calculate the highest common divisor of 1408 and 14047.
11
Calculate the greatest common factor of 45070 and 1670.
10
Calculate the highest common divisor of 10 and 671035.
5
What is the highest common factor of 38347 and 25699?
31
Calculate the greatest common divisor of 65 and 5435.
5
What is the greatest common factor of 564 and 261132?
564
Calculate the greatest common divisor of 156 and 547716.
156
What is the highest common factor of 221100 and 36?
12
Calculate the highest common factor of 11496 and 120.
24
Calculate the greatest common divisor of 892 and 62.
2
What is the highest common factor of 47 and 284961?
47
What is the greatest common factor of 1045670 and 340?
170
Calculate the highest common divisor of 3 and 2649.
3
What is the highest common divisor of 397809 and 27?
9
Calculate the greatest common factor of 18 and 121995.
9
Calculate the highest common divisor of 12192 and 660.
12
What is the greatest common divisor of 129120 and 45?
15
Calculate the highest common factor of 115 and 35.
5
What is the highest common divisor of 4505 and 8585?
85
What is the highest common divisor of 1470 and 6272?
98
What is the greatest common divisor of 64 and 39016?
8
Calculate the highest common divisor of 46070 and 6233.
271
What is the highest common divisor of 61440 and 167520?
480
What is the greatest common factor of 168 and 72744?
168
Calculate the highest common factor of 315 and 1009845.
45
Calculate the greatest common divisor of 69006 and 609.
21
What is the highest common factor of 1914 and 6336?
66
Calculate the greatest common divisor of 1348 and 519654.
674
Calculate the highest common factor of 27840 and 53520.
240
What is the highest common divisor of 160638 and 21894?
246
Calculate the greatest common factor of 7020 and 3900.
780
Calculate the highest common divisor of 2646280 and 5.
5
What is the highest common factor of 118 and 224318?
118
Calculate the greatest common divisor of 38678 and 166.
166
Calculate the greatest common factor of 67 and 9231327.
67
Calculate the highest common divisor of 102 and 1339430.
34
Calculate the greatest common divisor of 341 and 5611.
31
What is the greatest common divisor of 153525 and 1150?
575
Calculate the highest common divisor of 15136 and 4472.
344
Calculate the greatest common factor of 1704 and 276.
12
What is the highest common divisor of 9897230 and 1190?
1190
Calculate the highest common factor of 23888 and 560.
16
What is the highest common factor of 891 and 1287?
99
Calculate the highest common factor of 647813 and 2799.
311
What is the greatest common factor of 221 and 39763?
17
What is the greatest common factor of 152731 and 14992?
937
Calculate the highest common divisor of 760256 and 448.
448
What is the highest common divisor of 162290 and 30?
10
What is the greatest common factor of 348 and 7450680?
348
What is the highest common divisor of 390447 and 27?
27
What is the greatest common divisor of 35660 and 40?
20
What is the greatest common divisor of 1842600 and 185?
185
Calculate the greatest common factor of 1720 and 8815.
215
What is the highest common divisor of 313 and 5321?
313
Calculate the greatest common divisor of 2806 and 13570.
4